{"id":174,"date":"2021-10-10T23:07:28","date_gmt":"2021-10-10T20:07:28","guid":{"rendered":"https:\/\/mkyambalaj.com.tr\/?page_id=174"},"modified":"2021-10-11T00:12:38","modified_gmt":"2021-10-10T21:12:38","slug":"e-ticaret-kutulari","status":"publish","type":"page","link":"https:\/\/mkyambalaj.com.tr\/index.php\/e-ticaret-kutulari\/","title":{"rendered":"E-Ticaret Kutular\u0131"},"content":{"rendered":"<p>[vc_row css=&#8221;.vc_custom_1633896746268{margin-bottom: 150px !important;}&#8221;][vc_column][la_block id=&#8221;178&#8243;][\/vc_column][\/vc_row][vc_section][vc_row][vc_column width=&#8221;1\/4&#8243;][vc_wp_custommenu title=&#8221;Hizmetlerimiz&#8221; nav_menu=&#8221;3&#8243;][\/vc_column][vc_column width=&#8221;3\/4&#8243;][vc_custom_heading source=&#8221;post_title&#8221; font_container=&#8221;tag:h2|font_size:60|text_align:left&#8221; google_fonts=&#8221;font_family:Montserrat%3Aregular%2C700|font_style:700%20bold%20regular%3A700%3Anormal&#8221; css_animation=&#8221;slideInUp&#8221;][vc_column_text]G\u00fcn ge\u00e7tik\u00e7e ilerleyen e-ticaret sekt\u00f6r\u00fc insanlara fayda sa\u011flamaktad\u0131r. Yiyecek sekt\u00f6r\u00fc, giyim sekt\u00f6r\u00fc, elektronik sekt\u00f6r\u00fc ve dahas\u0131 her sekt\u00f6rde e-ticaret giri\u015fiminde bulunan firmalara, t\u00fcketicilerin fayda sa\u011fland\u0131\u011f\u0131 gibi firmalara da sa\u011flamaktad\u0131r. \u0130tibarl\u0131 sat\u0131\u015f e-ticarette \u00f6neli bir rol oynamaktad\u0131r. Bu Potansiyel m\u00fc\u015fteri kitlesini b\u00fcy\u00fct\u00fcr ve direk sat\u0131\u015f oran\u0131n\u0131z\u0131 artt\u0131r\u0131r. \u0130tibarl\u0131 sat\u0131\u015f yapabilmek i\u00e7in \u00f6nemli unsur \u00fcr\u00fcn\u00fcn iyi oldu\u011fu kadar ambalaj ve g\u00f6nderim kalitesidir. \u00dcr\u00fcn yerle\u015fim dizayn\u0131, sevkiyat s\u0131ras\u0131ndaki kartonun \u00fcr\u00fcn\u00fc korumas\u0131 vb. kriterler y\u00fcz\u00fcnden m\u00fc\u015fteriler kar\u015f\u0131s\u0131nda her zaman ambalaj\u0131 puanlamada yerle\u015ftirmi\u015flerdir. Bu kriteri Mky Ambalaj ile avantaja \u00e7evirin.[\/vc_column_text][vc_gallery interval=&#8221;3&#8243; images=&#8221;121,192,193,194&#8243; img_size=&#8221;800&#215;600&#8243;][\/vc_column][\/vc_row][\/vc_section]<\/p>\n","protected":false},"excerpt":{"rendered":"<p>[vc_row css=&#8221;.vc_custom_1633896746268{margin-bottom: 150px !important;}&#8221;][vc_column][la_block id=&#8221;178&#8243;][\/vc_column][\/vc_row][vc_section][vc_row][vc_column width=&#8221;1\/4&#8243;][vc_wp_custommenu title=&#8221;Hizmetlerimiz&#8221; nav_menu=&#8221;3&#8243;][\/vc_column][vc_column width=&#8221;3\/4&#8243;][vc_custom_heading source=&#8221;post_title&#8221; font_container=&#8221;tag:h2|font_size:60|text_align:left&#8221; google_fonts=&#8221;font_family:Montserrat%3Aregular%2C700|font_style:700%20bold%20regular%3A700%3Anormal&#8221; css_animation=&#8221;slideInUp&#8221;][vc_column_text]G\u00fcn ge\u00e7tik\u00e7e ilerleyen e-ticaret sekt\u00f6r\u00fc insanlara fayda sa\u011flamaktad\u0131r. Yiyecek sekt\u00f6r\u00fc, giyim sekt\u00f6r\u00fc, elektronik sekt\u00f6r\u00fc ve dahas\u0131 her sekt\u00f6rde e-ticaret giri\u015fiminde bulunan firmalara, t\u00fcketicilerin fayda sa\u011fland\u0131\u011f\u0131 gibi firmalara da sa\u011flamaktad\u0131r. \u0130tibarl\u0131 sat\u0131\u015f e-ticarette \u00f6neli bir rol oynamaktad\u0131r. Bu Potansiyel m\u00fc\u015fteri kitlesini b\u00fcy\u00fct\u00fcr ve direk sat\u0131\u015f oran\u0131n\u0131z\u0131 artt\u0131r\u0131r. \u0130tibarl\u0131 sat\u0131\u015f&hellip;<\/p>\n","protected":false},"author":1,"featured_media":121,"parent":0,"menu_order":0,"comment_status":"closed","ping_status":"closed","template":"","meta":{"footnotes":""},"class_list":["post-174","page","type-page","status-publish","has-post-thumbnail","hentry"],"yoast_head":"<!-- This site is optimized with the Yoast SEO plugin v17.3 - https:\/\/yoast.com\/wordpress\/plugins\/seo\/ -->\n<title>E-Ticaret Kutular\u0131 - MKY Group - Ambalaj<\/title>\n<meta name=\"robots\" content=\"noindex, follow, max-snippet:-1, max-image-preview:large, max-video-preview:-1\" \/>\n<meta property=\"og:locale\" content=\"tr_TR\" \/>\n<meta property=\"og:type\" content=\"article\" \/>\n<meta property=\"og:title\" content=\"E-Ticaret Kutular\u0131 - MKY Group - Ambalaj\" \/>\n<meta property=\"og:description\" content=\"[vc_row css=&#8221;.vc_custom_1633896746268{margin-bottom: 150px !important;}&#8221;][vc_column][la_block id=&#8221;178&#8243;][\/vc_column][\/vc_row][vc_section][vc_row][vc_column width=&#8221;1\/4&#8243;][vc_wp_custommenu title=&#8221;Hizmetlerimiz&#8221; nav_menu=&#8221;3&#8243;][\/vc_column][vc_column width=&#8221;3\/4&#8243;][vc_custom_heading source=&#8221;post_title&#8221; font_container=&#8221;tag:h2|font_size:60|text_align:left&#8221; google_fonts=&#8221;font_family:Montserrat%3Aregular%2C700|font_style:700%20bold%20regular%3A700%3Anormal&#8221; css_animation=&#8221;slideInUp&#8221;][vc_column_text]G\u00fcn ge\u00e7tik\u00e7e ilerleyen e-ticaret sekt\u00f6r\u00fc insanlara fayda sa\u011flamaktad\u0131r. Yiyecek sekt\u00f6r\u00fc, giyim sekt\u00f6r\u00fc, elektronik sekt\u00f6r\u00fc ve dahas\u0131 her sekt\u00f6rde e-ticaret giri\u015fiminde bulunan firmalara, t\u00fcketicilerin fayda sa\u011fland\u0131\u011f\u0131 gibi firmalara da sa\u011flamaktad\u0131r. \u0130tibarl\u0131 sat\u0131\u015f e-ticarette \u00f6neli bir rol oynamaktad\u0131r. Bu Potansiyel m\u00fc\u015fteri kitlesini b\u00fcy\u00fct\u00fcr ve direk sat\u0131\u015f oran\u0131n\u0131z\u0131 artt\u0131r\u0131r. \u0130tibarl\u0131 sat\u0131\u015f&hellip;\" \/>\n<meta property=\"og:url\" content=\"https:\/\/mkyambalaj.com.tr\/index.php\/e-ticaret-kutulari\/\" \/>\n<meta property=\"og:site_name\" content=\"MKY Group - Ambalaj\" \/>\n<meta property=\"article:modified_time\" content=\"2021-10-10T21:12:38+00:00\" \/>\n<meta property=\"og:image\" content=\"https:\/\/mkyambalaj.com.tr\/wp-content\/uploads\/2021\/10\/pexels-kampus-production-7289707.jpg\" \/>\n\t<meta property=\"og:image:width\" content=\"651\" \/>\n\t<meta property=\"og:image:height\" content=\"475\" \/>\n<meta name=\"twitter:card\" content=\"summary_large_image\" \/>\n<meta name=\"twitter:label1\" content=\"Tahmini okuma s\u00fcresi\" \/>\n\t<meta name=\"twitter:data1\" content=\"1 dakika\" \/>\n<script type=\"application\/ld+json\" class=\"yoast-schema-graph\">{\"@context\":\"https:\/\/schema.org\",\"@graph\":[{\"@type\":\"WebSite\",\"@id\":\"https:\/\/mkyambalaj.com.tr\/#website\",\"url\":\"https:\/\/mkyambalaj.com.tr\/\",\"name\":\"MKY Group - Ambalaj\",\"description\":\"Bir ba\\u015fka WordPress sitesi\",\"potentialAction\":[{\"@type\":\"SearchAction\",\"target\":{\"@type\":\"EntryPoint\",\"urlTemplate\":\"https:\/\/mkyambalaj.com.tr\/?s={search_term_string}\"},\"query-input\":\"required name=search_term_string\"}],\"inLanguage\":\"tr\"},{\"@type\":\"ImageObject\",\"@id\":\"https:\/\/mkyambalaj.com.tr\/index.php\/e-ticaret-kutulari\/#primaryimage\",\"inLanguage\":\"tr\",\"url\":\"https:\/\/mkyambalaj.com.tr\/wp-content\/uploads\/2021\/10\/pexels-kampus-production-7289707.jpg\",\"contentUrl\":\"https:\/\/mkyambalaj.com.tr\/wp-content\/uploads\/2021\/10\/pexels-kampus-production-7289707.jpg\",\"width\":651,\"height\":475,\"caption\":\"Mky Ambalaj : E- Ticatet Kutular\\u0131\"},{\"@type\":\"WebPage\",\"@id\":\"https:\/\/mkyambalaj.com.tr\/index.php\/e-ticaret-kutulari\/#webpage\",\"url\":\"https:\/\/mkyambalaj.com.tr\/index.php\/e-ticaret-kutulari\/\",\"name\":\"E-Ticaret Kutular\\u0131 - MKY Group - Ambalaj\",\"isPartOf\":{\"@id\":\"https:\/\/mkyambalaj.com.tr\/#website\"},\"primaryImageOfPage\":{\"@id\":\"https:\/\/mkyambalaj.com.tr\/index.php\/e-ticaret-kutulari\/#primaryimage\"},\"datePublished\":\"2021-10-10T20:07:28+00:00\",\"dateModified\":\"2021-10-10T21:12:38+00:00\",\"breadcrumb\":{\"@id\":\"https:\/\/mkyambalaj.com.tr\/index.php\/e-ticaret-kutulari\/#breadcrumb\"},\"inLanguage\":\"tr\",\"potentialAction\":[{\"@type\":\"ReadAction\",\"target\":[\"https:\/\/mkyambalaj.com.tr\/index.php\/e-ticaret-kutulari\/\"]}]},{\"@type\":\"BreadcrumbList\",\"@id\":\"https:\/\/mkyambalaj.com.tr\/index.php\/e-ticaret-kutulari\/#breadcrumb\",\"itemListElement\":[{\"@type\":\"ListItem\",\"position\":1,\"name\":\"Anasayfa\",\"item\":\"https:\/\/mkyambalaj.com.tr\/\"},{\"@type\":\"ListItem\",\"position\":2,\"name\":\"E-Ticaret Kutular\\u0131\"}]}]}<\/script>\n<!-- \/ Yoast SEO plugin. -->","yoast_head_json":{"title":"E-Ticaret Kutular\u0131 - MKY Group - Ambalaj","robots":{"index":"noindex","follow":"follow","max-snippet":"max-snippet:-1","max-image-preview":"max-image-preview:large","max-video-preview":"max-video-preview:-1"},"og_locale":"tr_TR","og_type":"article","og_title":"E-Ticaret Kutular\u0131 - MKY Group - Ambalaj","og_description":"[vc_row css=&#8221;.vc_custom_1633896746268{margin-bottom: 150px !important;}&#8221;][vc_column][la_block id=&#8221;178&#8243;][\/vc_column][\/vc_row][vc_section][vc_row][vc_column width=&#8221;1\/4&#8243;][vc_wp_custommenu title=&#8221;Hizmetlerimiz&#8221; nav_menu=&#8221;3&#8243;][\/vc_column][vc_column width=&#8221;3\/4&#8243;][vc_custom_heading source=&#8221;post_title&#8221; font_container=&#8221;tag:h2|font_size:60|text_align:left&#8221; google_fonts=&#8221;font_family:Montserrat%3Aregular%2C700|font_style:700%20bold%20regular%3A700%3Anormal&#8221; css_animation=&#8221;slideInUp&#8221;][vc_column_text]G\u00fcn ge\u00e7tik\u00e7e ilerleyen e-ticaret sekt\u00f6r\u00fc insanlara fayda sa\u011flamaktad\u0131r. Yiyecek sekt\u00f6r\u00fc, giyim sekt\u00f6r\u00fc, elektronik sekt\u00f6r\u00fc ve dahas\u0131 her sekt\u00f6rde e-ticaret giri\u015fiminde bulunan firmalara, t\u00fcketicilerin fayda sa\u011fland\u0131\u011f\u0131 gibi firmalara da sa\u011flamaktad\u0131r. \u0130tibarl\u0131 sat\u0131\u015f e-ticarette \u00f6neli bir rol oynamaktad\u0131r. Bu Potansiyel m\u00fc\u015fteri kitlesini b\u00fcy\u00fct\u00fcr ve direk sat\u0131\u015f oran\u0131n\u0131z\u0131 artt\u0131r\u0131r. \u0130tibarl\u0131 sat\u0131\u015f&hellip;","og_url":"https:\/\/mkyambalaj.com.tr\/index.php\/e-ticaret-kutulari\/","og_site_name":"MKY Group - Ambalaj","article_modified_time":"2021-10-10T21:12:38+00:00","og_image":[{"width":651,"height":475,"url":"https:\/\/mkyambalaj.com.tr\/wp-content\/uploads\/2021\/10\/pexels-kampus-production-7289707.jpg","type":"image\/jpeg"}],"twitter_card":"summary_large_image","twitter_misc":{"Tahmini okuma s\u00fcresi":"1 dakika"},"schema":{"@context":"https:\/\/schema.org","@graph":[{"@type":"WebSite","@id":"https:\/\/mkyambalaj.com.tr\/#website","url":"https:\/\/mkyambalaj.com.tr\/","name":"MKY Group - Ambalaj","description":"Bir ba\u015fka WordPress sitesi","potentialAction":[{"@type":"SearchAction","target":{"@type":"EntryPoint","urlTemplate":"https:\/\/mkyambalaj.com.tr\/?s={search_term_string}"},"query-input":"required name=search_term_string"}],"inLanguage":"tr"},{"@type":"ImageObject","@id":"https:\/\/mkyambalaj.com.tr\/index.php\/e-ticaret-kutulari\/#primaryimage","inLanguage":"tr","url":"https:\/\/mkyambalaj.com.tr\/wp-content\/uploads\/2021\/10\/pexels-kampus-production-7289707.jpg","contentUrl":"https:\/\/mkyambalaj.com.tr\/wp-content\/uploads\/2021\/10\/pexels-kampus-production-7289707.jpg","width":651,"height":475,"caption":"Mky Ambalaj : E- Ticatet Kutular\u0131"},{"@type":"WebPage","@id":"https:\/\/mkyambalaj.com.tr\/index.php\/e-ticaret-kutulari\/#webpage","url":"https:\/\/mkyambalaj.com.tr\/index.php\/e-ticaret-kutulari\/","name":"E-Ticaret Kutular\u0131 - MKY Group - Ambalaj","isPartOf":{"@id":"https:\/\/mkyambalaj.com.tr\/#website"},"primaryImageOfPage":{"@id":"https:\/\/mkyambalaj.com.tr\/index.php\/e-ticaret-kutulari\/#primaryimage"},"datePublished":"2021-10-10T20:07:28+00:00","dateModified":"2021-10-10T21:12:38+00:00","breadcrumb":{"@id":"https:\/\/mkyambalaj.com.tr\/index.php\/e-ticaret-kutulari\/#breadcrumb"},"inLanguage":"tr","potentialAction":[{"@type":"ReadAction","target":["https:\/\/mkyambalaj.com.tr\/index.php\/e-ticaret-kutulari\/"]}]},{"@type":"BreadcrumbList","@id":"https:\/\/mkyambalaj.com.tr\/index.php\/e-ticaret-kutulari\/#breadcrumb","itemListElement":[{"@type":"ListItem","position":1,"name":"Anasayfa","item":"https:\/\/mkyambalaj.com.tr\/"},{"@type":"ListItem","position":2,"name":"E-Ticaret Kutular\u0131"}]}]}},"_links":{"self":[{"href":"https:\/\/mkyambalaj.com.tr\/index.php\/wp-json\/wp\/v2\/pages\/174","targetHints":{"allow":["GET"]}}],"collection":[{"href":"https:\/\/mkyambalaj.com.tr\/index.php\/wp-json\/wp\/v2\/pages"}],"about":[{"href":"https:\/\/mkyambalaj.com.tr\/index.php\/wp-json\/wp\/v2\/types\/page"}],"author":[{"embeddable":true,"href":"https:\/\/mkyambalaj.com.tr\/index.php\/wp-json\/wp\/v2\/users\/1"}],"replies":[{"embeddable":true,"href":"https:\/\/mkyambalaj.com.tr\/index.php\/wp-json\/wp\/v2\/comments?post=174"}],"version-history":[{"count":8,"href":"https:\/\/mkyambalaj.com.tr\/index.php\/wp-json\/wp\/v2\/pages\/174\/revisions"}],"predecessor-version":[{"id":197,"href":"https:\/\/mkyambalaj.com.tr\/index.php\/wp-json\/wp\/v2\/pages\/174\/revisions\/197"}],"wp:featuredmedia":[{"embeddable":true,"href":"https:\/\/mkyambalaj.com.tr\/index.php\/wp-json\/wp\/v2\/media\/121"}],"wp:attachment":[{"href":"https:\/\/mkyambalaj.com.tr\/index.php\/wp-json\/wp\/v2\/media?parent=174"}],"curies":[{"name":"wp","href":"https:\/\/api.w.org\/{rel}","templated":true}]}}